 and 4.
4
Let d(b) = 4*b**2 + 47*b + 3. Let q be d(-15). Let z = -9 - -17. Suppose -z*f = f - q. Calculate the greatest common factor of 154 and f.
22
Suppose -15 - 83 = 2*y + 16*r, -y + 41 = -2*r. Calculate the greatest common factor of 115 and y.
23
Let b = -62 - -97. Suppose 2 + 8 = 5*q, -162 = 5*t + 4*q. Let g be (t + 6)*(-175)/20. What is the highest common divisor of g and b?
35
Suppose 0 = 4*n - 2 - 10. Suppose 2*j + 3*x - 69 = -0*x, j + n*x - 39 = 0. What is the highest common divisor of j and 75?
15
Suppose 302 = -3*k - 124. Let r = 143 + k. Calculate the highest common divisor of 1 and r.
1
Let x(y) = -644*y - 6181. Let h be x(-14). Calculate the highest common divisor of 385 and h.
35
Let b = -5782 - -5788. What is the highest common divisor of 3594 and b?
6
Let l(i) = -13*i + 91. Let m be l(-12). Calculate the greatest common divisor of m and 380.
19
Suppose -15*o + 1809 = -1671. Suppose -2*w + 186 = 2*w - 3*p, -4*p - o = -5*w. Suppose 160 = 5*s + 40. Calculate the greatest common factor of s and w.
24
Suppose 5*i = -0 + 20. Suppose -i*y + 10*y - 12 = 0. Suppose 2*x - y*j - 100 = 0, j + 56 = 3*x - 94. What is the greatest common divisor of x and 20?
10
Suppose -3*q - 80 + 479 = 0. Let i(b) = -3*b + 54. Let g be i(-20). Let z be 539/(-231)*g/(-14). Calculate the greatest common factor of z and q.
19
Let w = -63 + 125. Suppose j - 2*i + 7 = w, 2*i + 169 = 3*j. Let q(t) = t**2 + 30*t - 61. Let d be q(-33). What is the greatest common factor of d and j?
19
Let k = -330 - -499. Suppose 0 = g - 14*g + k. What is the highest common factor of 4 and g?
1
Suppose -2*o + 24*w + 32 = 22*w, 0 = -3*o + 2*w + 46. Suppose 0 = 10*s - o*s + 560. Calculate the greatest common divisor of s and 105.
35
Let k = 5470 - 5403. What is the greatest common divisor of 1 and k?
1
Let t = 77 + -42. Let w(x) = -x**3 + 14*x**2 + 22*x - 325. Let i be w(11). Calculate the greatest common factor of i and t.
35
Let o be (-2)/(-14) - 12/84. Suppose o = 7*x - 21 + 7. Let v be (-2 + 4)*(18/4 + x). Calculate the highest common divisor of v and 221.
13
Let g = 110 + -126. Let c be (-2 + g/1)*1/(-2). Calculate the highest common divisor of c and 243.
9
Let n(r) = r**2 + 11*r + 16. Let o be n(-12). Suppose -17*j + 3*b + 231 = -16*j, -2*j = -4*b - 476. What is the greatest common factor of j and o?
28
Suppose 50 = 4*s - 150. Suppose -4*j + s = -270. Suppose -20*x = -19*x - 10. Calculate the highest common divisor of x and j.
10
Suppose 9*v + 2*v = 33. Suppose v*n - 19 - 23 = 0. What is the highest common factor of 182 and n?
14
Let p(f) = 10*f - 6. Let o be p(1). Suppose -118 = -2*m + 2*b, -b = -o*m + 7*m - 181. Calculate the greatest common divisor of m and 24.
12
Suppose 218*r - 79779 = -44123 + 126754. Calculate the greatest common factor of 4768 and r.
149
Suppose -18*s = 3*s + s - 15136. What is the highest common factor of 1204 and s?
172
Let z(v) = -5*v - 30. Let o be z(-3). Let r = 75 + o. Calculate the highest common divisor of r and 48.
12
Suppose 3*b + 15 = -2*w, 2*w - 1 - 9 = 2*b. Let h be b/(-10) - (-14)/4. Let a be 66/h*(-100)/(-15). What is the highest common divisor of a and 10?
10
Let v = 68 - -24. Suppose -8*q - v = -428. Let o = -30 + q. Calculate the greatest common factor of o and 28.
4
Suppose 20*j = 4*p + 21*j - 18968, p - 4755 = 3*j. What is the greatest common factor of 153 and p?
153
Let r = -9901 - -10441. Calculate the greatest common factor of r and 80.
20
Suppose 4*m - 3*w = 18, -5*w = -2*m - 0*m + 16. Let j be 10/(2/(-2))*(-194)/485. Calculate the greatest common factor of m and j.
1
Let t(n) = -3*n - 19. Let m be t(-5). Let r be 6/(((-27)/m)/9). Let i(g) = -36*g. Let x be i(-2). Calculate the greatest common factor of x and r.
8
Suppose 5*s - 480 = -2*h + 2*s, 0 = h - 5*s - 240. Calculate the greatest common factor of h and 160.
80
Let d(i) = i**3 + 5*i**2 + 4*i + 22. Let c be d(-5). Let a be (-47)/(c*3/(-6)). What is the highest common factor of a and 423?
47
Let w be (8/48*-3)/((-25)/16450). Suppose -m - 94 = -3*m. What is the greatest common factor of w and m?
47
Let h be ((3 - 582) + 3)/(42/(-224)). What is the greatest common factor of h and 30?
6
Let i be (-2)/(-4 - (-17941)/4488). Calculate the greatest common divisor of 51 and i.
51
Let z = 56 + -46. Let f = 46 + -16. Suppose 0*p - f = -2*p. What is the greatest common factor of z and p?
5
Suppose 29 = b + l + 98, -l = -3*b - 207. Let v = b + 82. Let h be (-4)/(2/(-105 - -1)). Calculate the greatest common divisor of h and v.
13
Let i(y) = 10*y**2 + 12*y + 61 - 44 - 35. Let h be i(8). Suppose -o = 5*l - 0*o - h, -l + 148 = -2*o. What is the greatest common divisor of 16 and l?
16
Let s = 14595 - 14466. Calculate the highest common divisor of 201 and s.
3
Let l be (-1)/((4 + -3)/(-3)). Suppose -130*b = -129*b - l. Let g be 1/(4 - 5 - -2). Calculate the highest common factor of b and g.
1
Let n = -125 - -130. Suppose -11*o = -n*j - 10*o + 313, 128 = 2*j + o. What is the greatest common divisor of j and 42?
21
Suppose 34300 = -1329*d + 1339*d. What is the highest common divisor of d and 14?
14
Suppose -66 = -3*r + 3*h - 6*h, h = 1. Suppose 0 = z + 4*t + 14, -3*t = 3*z - 8*t + 8. Let s be 5 + 0 - z/3. Calculate the greatest common factor of r and s.
7
Let v(j) be the third derivative of 77*j**4/24 + 61*j**3/6 + j**2 + 12. Let h be v(3). What is the highest common divisor of 73 and h?
73
Let q be 6/(-6) + 5 - 9/3. Let f(z) = -z**3 - 11*z**2 - 3*z + 14. Let v be f(-11). Suppose v - q = 2*j. What is the highest common factor of 184 and j?
23
Suppose 8 = 3*j - u - 8, 3*j + 3*u - 24 = 0. Let l be (j/(-10))/(2/(-70)). Let k be ((-18)/(-10))/((-57)/(-95)). What is the highest common factor of k and l?
3
Suppose -2*c = 3*w - 9 + 5, -5*c - 17 = 3*w. Let p = -2 - -3. Suppose 3*y - 17 = p. What is the highest common factor of y and w?
6
Let z(w) = -4*w + 2. Let u be z(-4). Suppose 5*x - 37 - u = 0. Suppose 2*n - 20 = 2. Calculate the greatest common divisor of n and x.
11
Let c = 406 - 397. Suppose 0 = c*y - 135 + 99. Let a be (-1)/3 + 74/6. What is the highest common divisor of a and y?
4
Let a = -1366 + 2582. Calculate the greatest common divisor of a and 320.
64
Let w be ((-2)/(-6))/(3/54). Let i be (746 - 10/5) + (-108)/18. What is the highest common factor of i and w?
6
Let s(a) = -318*a**3 - 5*a**2 - 6*a + 5. Let q be s(-4). What is the greatest common divisor of q and 101?
101
Suppose 4*u + 38 = 3*q - 37, -5*u - 188 = -7*q. Let v(w) = 120*w**2 + 7*w + 199*w**2 - 6*w - 1. Let o be v(1). Calculate the highest common factor of q and o.
29
Let m = -106 + 102. Let t be (-6)/(((-40)/5)/m). Let b be 0 - ((-4 - 8) + t). What is the greatest common factor of b and 165?
15
Suppose -182 = 4*q - 8*q + 2*x, 0 = 2*x - 10. Suppose -62*p - 5*s - 116 = -63*p, 92 = p + s. What is the highest common factor of p and q?
48
Let r be -150 + (-12)/(-8)*-2. Let k = 82 + r. Let j = 101 + k. What is the greatest common divisor of 6 and j?
6
Suppose 5*g = 112 + 108. Suppose g = -0*t - 4*t. Let n = t + 21. Calculate the highest common divisor of 40 and n.
10
Let c be 5 - (2 - (4 - 0)). Let j = 0 + c. Suppose 10*p - 5*p - 66 = -m, 60 = 4*p - m. Calculate the highest common factor of p and j.
7
Let x be (-22)/3*(-4680)/44. Calculate the greatest common factor of x and 10.
10
Let u(t) = 22*t**2 - 116*t**3 + 37*t + 229*t**3 - 32 - 112*t**3. Let g be u(-20). Calculate the greatest common factor of g and 4.
4
Suppose 6 = 4*c - 2*g, 4*g - 5*g = 4*c - 3. Let q be 5 - (6/(-6) + c). What is the greatest common factor of q and 80?
5
Let b be 58 - (-2)/(-2 + 0). Let g be (-560)/210 + (-130)/(-6). What is the greatest common divisor of b and g?
19
Suppose -5*c + 366 + 104 = 0. Let g be (5 + 20/(-8))*c. What is the greatest common divisor of g and 47?
47
Let v = 33 - 5. Suppose -5*u + 5*a - 45 = 0, 3*u + 4*a - 1 = -v. Let h(x) = -x**2 - 10*x - 7. Let z be h(u). Calculate the greatest common factor of 18 and z.
2
Let s = -29447 - -36321. Calculate the greatest common divisor of 42 and s.
14
Suppose -12*d + 8 - 29 + 117 = 0. Suppose -6*f - 14 = -2*f - 5*m, -3*f - 4*m + 5 = 0. Let r = d - f. What is the highest common factor of 1 and r?
1
Let o = 449 - 422. Suppose 208 + 2222 = o*v. What is the greatest common divisor of v and 126?
1